 6. Let c = 13 - -4. Let g = c - 17. Let v = 5 + g. What is r(v)?
-6
Suppose 2*j - 3 - 1 = 0. Suppose -2*m = 2*k + 4, j*k - 21 = 3*m - 10. Suppose 3*h - k = 17. Let p(i) = 2*i - 4. Determine p(h).
8
Let o = 14/93 + -187/1860. Let c(h) be the second derivative of -h**3 - 2*h + 1/2*h**4 + 0 + 1/2*h**2 - o*h**5. Determine c(5).
-4
Suppose -6*r + 23 = -1. Suppose -5*z + 5*u = -45, -4*u = z + 3*z + r. Let m(x) = -2*x**2 + 5*x + 2. What is m(z)?
-10
Let y(f) = f**3 - f**2 + 5*f + 1. Let k be y(0). Let w(v) = 15*v. Calculate w(k).
15
Let w(c) be the third derivative of c**5/60 + 5*c**4/24 + c**3/3 - c**2. Suppose -3*f = g + 181, -4*g + 142 + 49 = -3*f. Let i = f - -56. What is w(i)?
2
Let s = 44 - 40. Suppose -a + 15 = s*a. Let c(w) = -w**3 + 3*w**2 + w - 3. What is c(a)?
0
Suppose -2*l + 1 + 7 = 0. Suppose -l*p = -0*p + 24. Let n(u) = -7*u**2 - 10*u + 12. Let t(r) = r**2 + r - 1. Let g(c) = p*t(c) - n(c). Give g(-6).
6
Let k(a) = -a**2 + 10*a - 8. Let o(m) = -m**3 + 17*m**2 - 17*m + 13. Let x be o(16). Let u be (3 - -8) + (x - -1)/1. What is k(u)?
1
Let d(t) = -4 + 3 - 10*t + 2. Let v be (-18 + (-629)/(-34))/(1/(-2)). Give d(v).
11
Let g(a) = 0*a + a**3 - 16*a**2 + 13 + a - 3*a - 2*a**2 + 21. Determine g(18).
-2
Let w(n) be the second derivative of n**6/720 + n**5/30 - 7*n**4/12 - 11*n. Let y(q) be the third derivative of w(q). Give y(-6).
-2
Let l(f) = -63*f + 62*f - 3 - 1. Let b(d) = -4*d**2 - 30*d - 11. Let j be b(-7). What is l(j)?
-7
Let n be 3/(-2)*16/(-12). Let o = -2 + n. Let i(s) be the second derivative of s**4/12 - 2*s**2 + 17*s - 1. What is i(o)?
-4
Suppose 5*y - 3 = 2*y. Let q(m) = -25*m**3 + 13*m**2 + 11*m + 7. Let j(x) = 8*x**3 - 4*x**2 - 3*x - 2. Let v(l) = -7*j(l) - 2*q(l). Determine v(y).
-5
Let f(i) be the first derivative of -i**4/4 + 5*i**3/3 + 2*i - 59. Give f(5).
2
Let f(y) be the first derivative of y**4/2 + y**3/3 - y**2/2 - y - 42. Determine f(2).
17
Let s(k) = 22*k**2 - 4*k - 2. Let r(b) = -33*b**2 + 6*b + 3. Let o(t) = 5*r(t) + 7*s(t). Let u(p) = -3*p**2 + 44*p + 14. Let n be u(15). What is o(n)?
-12
Let i(j) = 7*j + 6 - 31*j**2 + 5 + 30*j**2 - 2. Suppose -4*o = 12, -5*s - 3*o = 6 - 32. Calculate i(s).
9
Let d(q) = q + 33. Let n(l) = 33. Let x(g) = -6*d(g) + 5*n(g). Calculate x(-5).
-3
Let x(l) = -6*l**3 + 4*l + 1. Let f(g) = g**2 - g. Let p(z) = -2*f(z) - x(z). Let j(c) = -c**2 + 16*c - 65. Let v be j(8). Give p(v).
-7
Let o = 23 + -19. Let n(f) = -o*f**2 + 14*f - 5*f - f**3 + f**2 - 2*f**2 + 4. Give n(-6).
-14
Let f(b) = b**2 + 2*b + 2. Let m(u) = 5*u**2 + 10*u + 11. Let d(q) = 11*f(q) - 2*m(q). Suppose -2*r + 6*r = -8. Determine d(r).
0
Suppose 3*l - 5*m = 6*l + 17, -2*l + 22 = -5*m. Suppose -3 - 3 = -3*b. Let f(c) = -1 - 2*c**3 + 0*c + 4*c - 7*c**3 - b*c. Give f(l).
-8
Let z(q) = -7*q + 24. Let k(w) = 10*w - 37. Suppose -40 = -4*o - 5*d, 0*o + o = 3*d - 7. Let c(t) = o*k(t) + 8*z(t). Give c(5).
-23
Let c(t) = t**3 + 4*t**2 - 5*t + 8. Let i be ((-139)/278)/(1 - 18/20). Calculate c(i).
8
Let y(d) = -47*d - 11 + 8 + 46*d. Let s(z) = 2*z**2 + 4*z + 3. Suppose 3*j + 10 = -2*j. Let r be s(j). What is y(r)?
-6
Let r(n) = -n**3 + 2*n**2 + 7*n. Let b be 6 - (-11)/((-33)/6). Determine r(b).
-4
Suppose 5*l + 3*r = 21, 2*l + 0*l + 4*r = 0. Suppose 2*y + 4 = -l. Let g(m) = -105*m + 4*m**2 + 2 - 97*m + m**3 + 1 + 198*m. What is g(y)?
-2
Let c(v) = -v**2 - 5*v - 6. Let m be (-12)/(12/3) + 11. Suppose -m + 0 = -2*p. Suppose 0 = 3*i + p*i + 35. Give c(i).
-6
Suppose 15 = -14*l + 155. Let j(y) = y + 4. Determine j(l).
14
Let h be 3/2 - (-1344)/(-128). Let b(f) = f + 6. Determine b(h).
-3
Let s(y) be the first derivative of 2*y**2 + 4*y + 1/12*y**4 + 7/6*y**3 + 3. Let j(o) be the first derivative of s(o). What is j(-5)?
-6
Suppose -2*u + p + 5 = 0, -4*p + 17 = 5*u - 2. Suppose -v + 12 = u*v. Let c = -2 + v. Let h(s) = -7*s**2. Give h(c).
-7
Let x(f) = -f**2 + 2*f - 3. Suppose 4*y = c - 40, 0 = 2*c - 5*y + 3*y - 92. Suppose c = 17*k - k. What is x(k)?
-6
Let a(x) = -x**3 + 9*x**2 - 12*x + 40. Let f be ((-4 - 2) + 11)*24/15. What is a(f)?
8
Let m(v) = -v**2 + 13*v + 1. Let s = -775 - -788. Calculate m(s).
1
Let z(y) = 2*y - 6. Let d be 7*-1 - (0 + 4). Let m = -7 - d. What is z(m)?
2
Let q(z) = -z**2 + 22*z - 58. Let v be q(3). Let c(h) = 16*h**3 - h**2 - h + 1. Let i(y) = 16*y**3 + 1. Let s(m) = -2*c(m) + 3*i(m). Determine s(v).
-15
Suppose -4*i - 3*w = w, -3*w = 0. Let n(s) = -s**3 - 9*s - 2*s**2 + i*s**3 - 6*s**2 + 3*s. What is n(-7)?
-7
Let b(m) be the third derivative of m**7/2520 + m**6/144 + m**5/20 - m**4/12 + m**2. Let r(x) be the second derivative of b(x). What is r(-5)?
6
Let t(q) = -q**2 - 10*q - 12. Suppose -5*p + 7 = -33. Let d be (8 - 9)/((-7)/p + 1). Calculate t(d).
4
Let w = -1 + 3. Let h be ((-3 - 7)/w)/(-1). Let j = 0 + h. Let p(f) = -f**3 + 6*f**2 - 6*f + 4. What is p(j)?
-1
Let c(m) = -11*m + 6. Let y(g) = 9*g - 3. Let t(l) = 10*l - 3. Let r(u) = -4*t(u) + 5*y(u). Let f(o) = 3*c(o) + 7*r(o). Calculate f(2).
1
Let a(k) be the third derivative of -k**6/120 - k**4/24 + 37*k**2 + 5. Determine a(0).
0
Let i(m) = -m**3 - 9*m**2 - 4*m + 11. Suppose -5*o + 2*x + 233 = 5*x, 4*x = 4*o - 180. Let n = -54 + o. Determine i(n).
-21
Let u = 4 + -2. Suppose 2*r = 4*z - 4, -4*r + u = 4*z - 14. Let s(n) = 2*n**2 + 5*n**2 - 2*n**2 - 2*n**z. What is s(1)?
3
Let t(q) = 4*q - 3*q + 0*q + q**2. Let w be (-7)/(126/184) + (-2)/(-9). Let j(r) = -r**2 - 9*r + 8. Let c be j(w). Give t(c).
2
Let t(g) = -2*g + 5. Suppose 0 = -4*l - 4*j + 36, l + 0*l - 4*j + 11 = 0. Suppose -l*k + k = 4. Let o = k + 5. Give t(o).
-3
Let r be 2 + 16 + 0 + -4. Let z(t) = -r + 9 + 3 + t**2 + 8*t. Calculate z(-6).
-14
Let w(i) be the second derivative of -i**3/6 - 13*i**2/2 - 211*i. What is w(-12)?
-1
Suppose -16*v + 5 = -21*v. Let r(h) = -8*h. What is r(v)?
8
Let l(x) be the third derivative of x**5/30 - x**4/2 - 2*x**3 - 2*x**2 + 19. Determine l(7).
2
Let c(n) = 2*n**2 + 2*n. Let d(y) = -9*y**2 - 15*y + 18. Let j(o) = -4*c(o) - d(o). Give j(-9).
0
Let n(b) = 2*b**3 - 6*b**2 + 2*b + 2. Let p(f) = -2*f**2 + 8*f + 46. Let x be p(7). What is n(x)?
42
Let p(f) be the second derivative of -f**6/240 - f**5/120 + 3*f**4 - 27*f. Let m(j) be the third derivative of p(j). Calculate m(2).
-7
Suppose 2*k + 2*k = -x, 4*x = 3*k + 38. Let h(q) = -q**2 + 4*q + 1. What is h(x)?
-31
Let x(k) = k**2 + 4*k - 8. Let z be -4*(1 - (-3)/6). Let b(m) = m**2 + 8*m + 1. Let o be b(z). Let i = 5 + o. Give x(i).
4
Suppose 28 = -5*v + l, 6*v - 3*v - 5*l = -30. Let h(d) = d + 11. Calculate h(v).
6
Let p(z) = -z**3 + 3*z**2 - 2*z - 1. Suppose 0 = -v + y + 18, 2*v = 3*y - 0*y + 40. Suppose -5*u - v = -12*u. Calculate p(u).
-1
Let f(h) = -2*h + 3. Let m be f(0). Let t(i) = 12*i + i**2 - 27*i + 15*i. Give t(m).
9
Let a(r) = r**3 + 2*r**2 - 9*r + 3. Let d(o) = -o**3 - 2*o**2 + 8*o - 3. Let m(w) = -6*a(w) - 7*d(w). Give m(-3).
0
Let h = 9 - 5. Let k(z) be the second derivative of 0 + 3/2*z**2 - 22*z - 1/12*z**4 + 1/3*z**3. Give k(h).
-5
Let l(x) = 9*x**3 - 1. Let c be l(1). Suppose -32 - c = -5*y. Let f(m) = m - 8. Let q be f(y). Let h(k) = -k**3 + k + 3. Calculate h(q).
3
Let t(x) = -10*x**2 + 15*x + 9. Let h(g) = -5*g**2 + 8*g + 5. Let a(f) = -11*h(f) + 6*t(f). Let s = 602 + -601. What is a(s)?
-4
Let t(h) be the second derivative of -h**4/12 - 5*h**3/6 + 3*h**2/2 + 18*h. Let x(f) = 2*f + 2. Let d be x(-4). Give t(d).
-3
Let j be (-1)/(36/(-21))*5/70. Let w(l) be the third derivative of 0*l**3 + 0*l - l**2 - j*l**4 + 0. Give w(6).
-6
Let g(b) be the third derivative of 0*b - 1/60*b**5 + 7/6*b**3 + 0 + 0*b**4 + 5*b**2 + 1/120*b**6. Let a be (-3 - -3)*(-1)/3. Determine g(a).
7
Let f(g) = -2*g**3 + 13*g**2 - 7*g + 10. Let v be f(6). Let h(n) = -2*n**2 - 8 + 6*n + n**2 - v*n - 12*n. Determine h(-8).
8
Let n(k) be the first derivative of k**4/4 - 17*k**3/3 + 8*k**2 + 13*k + 140. Determine n(16).
13
Let s = 946 + -246. Let x(m) = 2 - s*m**2 + 701*m**2 - 1 - m. Give x(4).
13
Let b(a) = -a - 4. Suppose 4*d = 3*v + 13, 2*d + 6 + 7 = -5*v. Suppose 0 = 5*u + d + 9. Let p be -8 + (-7)/(7/u). Determine b(p).
2
Let f = 2170 + -2160. Let o(v) = -4*v + 40. Determine o(f).
0
Suppose 5*w - 29 = 2*g, 3*g + 2*w + 33 = -w. Let s = -17 - g. Let i(a) = -6 + a**2 - 1 + 3*a + 1 + 2*a. Calculate i(s).
-6
Let t(g) = 7*g + 1.